st the prime factors of v.
2
Let s be (-3)/(3/2)*31/(-31). Suppose 5*r + 88 + 129 = s*a, 76 = a + 4*r. What are the prime factors of a?
2, 3
Let c(h) = -h**3 - 6*h**2 + 4*h - 16. Let y be c(-7). Suppose -2*k = -y*i + k + 199, -2*k + 86 = 2*i. What are the prime factors of i?
41
Let q(g) = 11*g**2 - 9*g - 20. What are the prime factors of q(9)?
2, 5, 79
Let l be 32/15 - 12/90. Suppose 0 = 3*y + l - 11. Suppose 3*m + 5*a + y = 98, -5*m + a = -149. What are the prime factors of m?
2, 3, 5
List the prime factors of (-2240 + 12)*((-9)/6 - -1).
2, 557
Let b(t) be the second derivative of -21*t**5/20 - t**4/3 - 5*t**3/6 - 2*t**2 - 3*t. List the prime factors of b(-2).
2, 79
Suppose -22*y + 2132 = 30*y. List the prime factors of y.
41
Suppose 0 = -c + 113 + 38. Suppose -7*p + c = -52. List the prime factors of p.
29
Suppose -2 = 4*x + 2. Let q be 3/x*(10 + -11). Suppose -4*b = -20, 2*s - 53 = -q*b + 10. List the prime factors of s.
2, 3
Let b be (-3)/((-6)/(-46)) + -1 + 4. List the prime factors of 82/4 - 10/b.
3, 7
What are the prime factors of (-2)/7 - -22*(-1768)/(-112)?
347
Let o(g) = g**2 - 16*g - 13. Let c be o(17). Suppose 216 = 4*k - r, 0 = -r + 2*r - c. What are the prime factors of k?
5, 11
Let x = 64 - 8. Suppose -x = -6*j - 2. List the prime factors of j.
3
Suppose -2128 = -3*i - 1288. What are the prime factors of i?
2, 5, 7
Let m(d) = -2*d + 6. Let k be m(2). Let y(r) be the second derivative of 3*r**3/2 + r**2/2 - r. What are the prime factors of y(k)?
19
Let r = 45 + -18. Let g = r - 22. Suppose 0 = 5*p - g*v - 60, 2*p - 13 = -5*v + 11. What are the prime factors of p?
2, 3
Let g = -18 - -12. Let k be ((-21)/3)/((-3)/(-24)). What are the prime factors of k/g + 8/12?
2, 5
Let h = 173 - 64. List the prime factors of h.
109
Let j(n) = -2*n**3 - 6*n**2 + 3*n + 40. List the prime factors of j(-6).
2, 7, 17
Suppose 2*s - 103 = 175. Let f = s + -75. What are the prime factors of f?
2
Let k be (-8 - -10)/(2/4). Let s(o) = 2*o - 7. Let f(j) = 3*j - 14. Let a(r) = -2*f(r) + 5*s(r). What are the prime factors of a(k)?
3
Suppose 0 = -5*b + 3*b - 5*a + 1076, b = a + 524. List the prime factors of b.
2, 3, 11
Suppose -3*f + 1 = -j, -2*f + 4*j + 0*j + 14 = 0. Suppose 14*m - 28 = 7*m. Let o = f + m. What are the prime factors of o?
3
Suppose 0 = -w + 16 - 12. Suppose g = w*g - 105. What are the prime factors of g?
5, 7
Suppose 0 = -4*p + 8, 0*p - 3*p - 2 = -2*z. Suppose 7 = z*i - 2*v - 43, -3*i = -v - 35. Let h = -3 + i. What are the prime factors of h?
7
Let d be ((-2)/(-6))/(3/9). What are the prime factors of ((-1978)/115)/(d/(-5))?
2, 43
Suppose 29*h - 3467 = 7437. What are the prime factors of h?
2, 47
Let v = 30 + -30. Suppose v = -4*k + 8, 5 = z + 5*k - 14. List the prime factors of z.
3
Let g(l) = -l**3 + 42*l**2 - 3*l - 16. List the prime factors of g(40).
2, 383
Let c(a) = -4*a - 3. Let q be c(3). Let d be ((-8)/(-5))/((-2)/q). What are the prime factors of -1 + 3*44/d?
2, 5
Suppose 81*x - 39262 = 143798. What are the prime factors of x?
2, 5, 113
Let q = -824 + 1425. List the prime factors of q.
601
List the prime factors of ((-2208)/(-10))/(204/1360).
2, 23
Let b = -166 + 198. List the prime factors of 3 - b*((-228)/8)/3.
307
Let w be (5 + -5)/((-3)/(-2 + 5)). Suppose -5*f + 43 + 22 = w. List the prime factors of f.
13
Let f = 49 + -38. Suppose -4*q - 847 = -f*q. What are the prime factors of q?
11
Let w(h) = h**3 - 2*h**2 + 495. What are the prime factors of w(0)?
3, 5, 11
Suppose -2212 + 12157 = 13*c. What are the prime factors of c?
3, 5, 17
Let j(p) = -49*p**3 + 4*p + 12. What are the prime factors of j(-3)?
3, 7
What are the prime factors of ((-18)/(-15))/(4 - 6057/1515)?
2, 3, 101
Suppose 3*p + 4 = -11. Let z(v) = -v**3 + 3*v**2 - 7*v - 12. List the prime factors of z(p).
223
Suppose 37 = 4*o - 15. Let t = o - -51. What are the prime factors of t?
2
Let n = -6592 + 10029. What are the prime factors of n?
7, 491
Suppose 18523 = 25*h + 1223. List the prime factors of h.
2, 173
Let g(r) = -43*r - 47. List the prime factors of g(-4).
5
Let p = 47 + -34. Let b = 20 - p. List the prime factors of b.
7
Let y(w) = -w**3 - 17*w**2 - 2*w - 12. Let g(t) = -16*t**3 - t**2 + t - 1. Let s be g(1). Let f be y(s). Suppose 93 = l + f. List the prime factors of l.
71
Suppose 3*m - 99 = -b, 4*b + 5*m - 482 = -121. What are the prime factors of b?
2, 3, 7
What are the prime factors of (0 + -368)/((-75)/75)?
2, 23
Let c = -1721 - -1911. List the prime factors of c.
2, 5, 19
Suppose -4*c + 18600 = u + 664, -5*c + 22407 = -2*u. What are the prime factors of c?
4483
Suppose 6*x - 7*x = -40. Let b = 34 - x. List the prime factors of 15*((-14)/b + -2).
5
Suppose 0 = -5*u + 7*u + 4. What are the prime factors of 56/3*(-1 + 2 - u)?
2, 7
List the prime factors of 2*3/(-18) + 17478/27.
647
Let b = -140 + 1037. What are the prime factors of b?
3, 13, 23
Suppose 2*g - 16 = 4. Let j be (-26)/(-7) - g/(-35). List the prime factors of ((-14)/(-3))/(j/48).
2, 7
Let z(c) = -12*c - 2. Let j(p) = -p**2 + 4*p + 2. Let a be j(4). Suppose 0 = 3*o - 3*d - 3, 0 = o + 2*o - 2*d + a. List the prime factors of z(o).
2, 23
Suppose 3*c = -2*a + 868, 315 = -3*a - 2*c + 1617. List the prime factors of a.
2, 7, 31
Let d(l) = -l**3 - 30*l**2 - 27*l + 68. What are the prime factors of d(-29)?
2, 5
Suppose -16 = -4*z, 10*a = 9*a - 4*z + 4853. What are the prime factors of a?
7, 691
Let b be 33/55 - 814/(-10). Let n = b - 61. What are the prime factors of n?
3, 7
Suppose -y + 3158 = 5*q - 2096, 2107 = 2*q - 5*y. List the prime factors of q.
1051
Let f be (24 - 21) + 88*-1. What are the prime factors of -2 - (f + 4/4)?
2, 41
Suppose 4*h = d - 0*h - 5, 0 = -4*d + h + 35. Suppose d*n - 10*n + 5 = 0. List the prime factors of (-5)/(-1*(n + -4)).
5
Let u = -688 + 1305. List the prime factors of u.
617
Let c = -386 + 812. Let k = 679 - c. List the prime factors of k.
11, 23
Let p be 2/(-5) + 240/100. Suppose p*d - 60 = 3*q - 5*q, -5*d + 177 = -4*q. List the prime factors of d.
3, 11
Let n(m) be the first derivative of m**3/3 + m**2/2 - 29*m - 12. List the prime factors of n(12).
127
Let o(m) = -1381*m + 91. List the prime factors of o(-2).
3, 317
Suppose 4*v - 9*v + 5 = 0. Let d be v/2 - 6/4. What are the prime factors of (-4 - 4/4)/d?
5
Suppose -3*d - 2*d = -330. Suppose -5*h - 6 = -3*b - 43, 5*b + d = 4*h. What are the prime factors of (-48)/b*189/18?
2, 3
Let v(q) = 8*q + 2*q - 2*q - 5 - 4*q. Let a be v(2). Suppose -a*s - 1 = -76. What are the prime factors of s?
5
Let l(d) = -2*d**3 - 8*d**2 - 2*d + 3. Let f be l(-6). Suppose -5*o = -f - 316. What are the prime factors of o?
5, 19
Let u(d) = 10*d - 273. Let w be u(32). Let b(c) = 3*c. Let y be b(-3). Let s = y + w. What are the prime factors of s?
2, 19
Suppose -6*m = a - 5*m - 1573, -5*a - m + 7853 = 0. List the prime factors of a.
2, 5, 157
Suppose -5*l + 6 = -54. Suppose 5*y = 2*y + l. Suppose -y*z = -2*t + 4 - 26, 5*z = 5*t + 30. What are the prime factors of z?
5
Let z(t) = -2*t**3 + 3*t**2 + 4. Let o be z(-4). Suppose 0*a + o = 6*a. What are the prime factors of a?
2, 3, 5
Suppose -k + 6*k + 4*u - 16 = 0, -k + 4*u - 16 = 0. Let m(g) = k - 1 + 5 + g**2 - 1 - 2*g**3. List the prime factors of m(-2).
23
Let d(o) = -19*o - 12. Let p(k) = k**2 + 5*k - 1. Let h be p(-4). What are the prime factors of d(h)?
83
Let l be (-15)/9*(-10 - 2). Let x = l + 59. What are the prime factors of x?
79
Suppose -2*o + 3406 = 3*u, 1139 = u + 6*o - 9*o. List the prime factors of u.
2, 71
Let x(o) = 6*o - 6. Let y(s) = s - 1. Let u(r) = x(r) - 3*y(r). List the prime factors of u(11).
2, 3, 5
What are the prime factors of ((-12)/(-10))/((-80)/(-88600))?
3, 443
Let h = 30 - 28. What are the prime factors of ((-3)/h)/(3/(-366) + 0)?
3, 61
Let k(s) = -s + 6. Let o be k(3). Suppose -h = o*a + 50, -4*h = -5 + 1. Let q = a + 40. List the prime factors of q.
23
Let h(a) = 3*a**3 + 2*a + 1. Let g(o) = -4*o**3 + o**2 - o. Let s(d) = -4*g(d) - 5*h(d). Let q be (13 + -8)/(10/12). List the prime factors of s(q).
31
Suppose 90 = 4*i + 5*c, 0 = c - 0 + 2. Let w = i - 10. What are the prime factors of w?
3, 5
Let d(b) = -168*b - 7. List the prime factors of d(-2).
7, 47
Suppose 0 = 5*j + 4*b - 10425, -4*j - 25*b + 8304 = -29*b. What are the prime factors of j?
2081
Let 